{"id":15,"date":"2013-11-09T19:34:17","date_gmt":"2013-11-09T19:34:17","guid":{"rendered":"https:\/\/www.interor.fr\/achat-pierres-precieuses\/?page_id=15"},"modified":"2020-01-28T18:48:55","modified_gmt":"2020-01-28T18:48:55","slug":"nous-contacter","status":"publish","type":"page","link":"https:\/\/www.interor.fr\/achat-pierres-precieuses\/nous-contacter","title":{"rendered":"Important avant de nous contacter"},"content":{"rendered":"<p><strong>Nous ne reprenons que les pierres pr\u00e9cieuses incrust\u00e9es dans les bijoux et apr\u00e8s une expertise gratuite.<\/strong><\/p>\n<p>Nous ne r\u00e9pondons pas \u00e0 toutes les demandes de rachat de pierres non pr\u00e9cieuses et aux demandes de rachat de pierres pr\u00e9cieuses non incluses dans un bijou.<\/p>\n<div id=\"vscf\" class=\"vscf-shortcode\"><form name=\"vscf_15\" id=\"vscf-form\" method=\"post\">\r\n\t<div class=\"form-group vscf-name-group\">\r\n\t\t<label for=\"vscf_name\" class=\"vscf-label\">Nom <\/label>\r\n\t\t<input type=\"text\" name=\"vscf_name_15\" id=\"vscf_name\"  class=\"form-control\" placeholder=\"\" value=\"\" minlength=\"2\" maxlength=\"100\" aria-required=\"true\" \/>\r\n\t\t\r\n\t<\/div>\r\n\t<div class=\"form-group vscf-email-group\">\r\n\t\t<label for=\"vscf_email\" class=\"vscf-label\">E-mail <\/label>\r\n\t\t<input type=\"email\" name=\"vscf_email_15\" id=\"vscf_email\"  class=\"form-control\" placeholder=\"\" value=\"\" maxlength=\"100\" aria-required=\"true\" \/>\r\n\t\t\r\n\t<\/div>\r\n\t\r\n\t\r\n\t\t<div class=\"form-group vscf-sum-group\">\r\n\t\t\t<label for=\"vscf_sum\" class=\"vscf-label\">5 + 5 =<\/label>\r\n\t\t\t<input type=\"text\" name=\"vscf_sum_15\" id=\"vscf_sum\"  class=\"form-control\" placeholder=\"\" value=\"\" pattern=\"[0-9]{1,2}\" maxlength=\"100\" aria-required=\"true\" \/>\r\n\t\t\t\r\n\t\t<\/div>\r\n\t\r\n\t<div class=\"form-group vscf-hide\">\r\n\t\t<label for=\"vscf_first_random\">Veuillez ignorer ce champ<\/label>\r\n\t\t<input type=\"text\" name=\"vscf_first_random_15\" id=\"vscf_first_random\" class=\"form-control\" tabindex=\"-1\" value=\"\" maxlength=\"100\" \/>\r\n\t<\/div>\r\n\t<div class=\"form-group vscf-hide\">\r\n\t\t<label for=\"vscf_second_random\">Veuillez ignorer ce champ<\/label>\r\n\t\t<input type=\"text\" name=\"vscf_second_random_15\" id=\"vscf_second_random\" class=\"form-control\" tabindex=\"-1\" value=\"\" maxlength=\"100\" \/>\r\n\t<\/div>\r\n\t<div class=\"form-group vscf-message-group\">\r\n\t\t<label for=\"vscf_message\" class=\"vscf-label\">Message <\/label>\r\n\t\t<textarea name=\"vscf_message_15\" id=\"vscf_message\" rows=\"10\"  class=\"form-control\" placeholder=\"\" minlength=\"10\" maxlength=\"10000\" aria-required=\"true\"><\/textarea>\r\n\t\t\r\n\t<\/div>\r\n\t<div class=\"form-group vscf-display-none\">\r\n\t\t<input type=\"hidden\" name=\"vscf_time_15\" id=\"vscf_time\" class=\"form-control\" value=\"1776235626\" \/>\r\n\t<\/div>\r\n\t\r\n\t<div class=\"form-group vscf-display-none\">\r\n\t\t<input type=\"hidden\" id=\"vscf_nonce\" name=\"vscf_nonce\" value=\"18d5644a1c\" \/><input type=\"hidden\" name=\"_wp_http_referer\" value=\"\/achat-pierres-precieuses\/wp-json\/wp\/v2\/pages\/15\" \/>\r\n\t<\/div>\r\n\t<div class=\"form-group vscf-submit-group\">\r\n\t\t<button type=\"submit\" name=\"vscf_send_15\" id=\"vscf_send\" class=\"btn btn-primary\">Envoyer<\/button>\r\n\t<\/div>\r\n\t\r\n<\/form><\/div>\n","protected":false},"excerpt":{"rendered":"<p>Nous ne reprenons que les pierres pr\u00e9cieuses incrust\u00e9es dans les bijoux et apr\u00e8s une expertise gratuite. Nous ne r\u00e9pondons pas \u00e0 toutes les demandes de rachat de pierres non pr\u00e9cieuses et aux demandes de rachat de pierres pr\u00e9cieuses non incluses&#8230;<\/p>\n","protected":false},"author":4,"featured_media":0,"parent":0,"menu_order":0,"comment_status":"open","ping_status":"open","template":"","meta":{"iawp_total_views":25,"footnotes":""},"class_list":["post-15","page","type-page","status-publish","hentry"],"_links":{"self":[{"href":"https:\/\/www.interor.fr\/achat-pierres-precieuses\/wp-json\/wp\/v2\/pages\/15","targetHints":{"allow":["GET"]}}],"collection":[{"href":"https:\/\/www.interor.fr\/achat-pierres-precieuses\/wp-json\/wp\/v2\/pages"}],"about":[{"href":"https:\/\/www.interor.fr\/achat-pierres-precieuses\/wp-json\/wp\/v2\/types\/page"}],"author":[{"embeddable":true,"href":"https:\/\/www.interor.fr\/achat-pierres-precieuses\/wp-json\/wp\/v2\/users\/4"}],"replies":[{"embeddable":true,"href":"https:\/\/www.interor.fr\/achat-pierres-precieuses\/wp-json\/wp\/v2\/comments?post=15"}],"version-history":[{"count":0,"href":"https:\/\/www.interor.fr\/achat-pierres-precieuses\/wp-json\/wp\/v2\/pages\/15\/revisions"}],"wp:attachment":[{"href":"https:\/\/www.interor.fr\/achat-pierres-precieuses\/wp-json\/wp\/v2\/media?parent=15"}],"curies":[{"name":"wp","href":"https:\/\/api.w.org\/{rel}","templated":true}]}}